 5*r + 0*r - 2. Give j(4).
-6
Let c(w) = w**3 + 6*w**2 + 45*w + 19. Let o be c(-10). Let z = o - -837. Let k(n) = -n**3 + 8*n**2 - 9*n + 4. Give k(z).
22
Let j(c) = 9*c**2 + 21*c - 12*c - 1 - 11*c - 9*c**3 - 6*c**2 - 2*c**3. Give j(2).
-81
Suppose -1 = -4*p + 11. Let y(s) = s - p - 8*s + 5*s. Let n be ((-952)/272)/((-1)/(-2)). Determine y(n).
11
Let p(b) = -b + 3. Let c be p(3). Suppose -1 = o - c*o. Let t(r) = 333*r + 2. Let v(a) = -166*a - 1. Let i(s) = 2*t(s) + 4*v(s). Determine i(o).
-2
Let c = 1519 + -1523. Let d(w) = 3*w**3 + 4*w**2 + 4*w + 17. Let g(s) = 13*s + s**3 + 50 + 7*s**3 + 14*s**2 - s**2. Let v(h) = c*g(h) + 11*d(h). Calculate v(9).
-4
Let z(t) = -607 + 5*t + 1027 - 419. Suppose 2*y = 6*y - 8. Determine z(y).
11
Let r(p) = -13*p**3 + 8*p**2 + 12*p + 2. Let j(b) = 13*b**3 - 9*b**2 - 15*b - 2. Let q(t) = -2*j(t) - 3*r(t). Give q(-2).
-118
Let j be -5*1*2/(-2). Suppose 111 = -r + 3*n, 0 = j*r - 0*n + n + 539. Let c = 117 + r. Let h(g) = g**3 - 8*g**2 - 8*g - 5. Determine h(c).
4
Let q(b) be the second derivative of -1/6*b**3 - 17*b + 0 - 7/2*b**2. Suppose 6 + 34 = -5*k. Determine q(k).
1
Let q(h) be the second derivative of -7*h**2 + 5/3*h**3 - 182*h - 1/12*h**4 + 0. Give q(8).
2
Let o(g) be the second derivative of -g**4/12 - g**3/6 - g**2/2 - g. Let c be 11/(-6) + -2 - (-997)/(-5982). Calculate o(c).
-13
Suppose 0 = -13*w + 3*w + 14720. Let i(h) = -w + 1462 + h + 3*h - 3*h. Let d be 0/(0 - 2/(-1)). Determine i(d).
-10
Let r = -34 + 40. Let u(z) = 16*z**3 - 2*z**3 - r*z**3 + 1 + 2*z**2 - 5*z**3 + 2*z. Calculate u(-1).
-2
Let b(r) be the first derivative of r**4/2 - r**3/3 - 5*r**2/2 + 3*r - 112. Let g be b(2). Let d(x) = -x**2 - x + x + 5*x + 4. Determine d(g).
4
Let c = 319 + -316. Let s(t) be the third derivative of -t**6/120 + t**5/15 - t**4/8 - t**3/2 - 5*t**2 - 14. Determine s(c).
-3
Let h(c) = -3*c + 2*c + 7*c**2 + 0*c - 2. Let b(s) = -5934*s - 94945. Let f be b(-16). What is h(f)?
6
Let x(p) = 6*p**3 - 34*p**2 + 8*p - 23. Let v(y) = 5*y**3 - 24*y**2 + 7*y - 23. Let s(i) = -5*v(i) + 4*x(i). Give s(-16).
71
Let y(a) = -6*a**2 - 104*a - 899. Let h(v) = -v**2 - 18*v - 150. Let b(l) = 13*h(l) - 2*y(l). Calculate b(-8).
-8
Let a be 362/12 + (-1)/6. Let c be 1/(4 + (-117)/a). Let f(y) be the third derivative of y**5/60 - 11*y**4/24 + y**3 - 4*y**2 - 28*y. Give f(c).
-4
Let q(t) = -8*t**2 + 48*t - 155. Let c(f) = -3*f**2 + 25*f - 81. Let d(p) = -5*c(p) + 2*q(p). Give d(-32).
-1
Let k = 34224 + -34226. Let h(w) = 2*w**3 + 3*w**2 + 8*w + 22. Determine h(k).
2
Let d(l) = 4*l**2 + 3*l - 4. Let n be d(1). Let u be -9 + ((-15)/(-9) - (-1)/n). Let x(r) = -3*r - 2. Give x(u).
19
Let b(d) be the second derivative of 1/12*d**4 + 5/6*d**3 + 3/2*d**2 + 0 + 12*d. Let o be 3*(20/(-30))/((-4)/(-6)). Give b(o).
-3
Let d(o) be the first derivative of o**3/3 + 3*o**2 + 5*o + 2233. Let v(p) = p**3 + 6*p**2. Let k be v(-6). Suppose k = 5*m + 5 + 15. Determine d(m).
-3
Let g be ((-54)/(-21) - -1) + 20/(-35). Suppose 0 = -p - 4*f - 4, 3*p = g*f + 19 - 1. Let r(z) = 2*z + 1. Give r(p).
9
Let q(x) be the third derivative of -x**5/10 + x**4/12 + x**3/6 + 51*x**2 - 6. Let u be (1 - 1)*6/12. Let i be -1 - u/(3/(-3)). Calculate q(i).
-7
Let x(h) = -2*h - 13. Let a(g) = 5*g**2 + 10*g - 11. Suppose p + 8 = -3*p, 3*s - 5*p + 5 = 0. Let f be a(s). Let b = f + -74. Calculate x(b).
7
Suppose 9*d = -14*d + 20608. Let p = d - 895. Let v(t) = -22*t**3 + t**2. Calculate v(p).
-21
Let f(h) = h**3 + 9*h**2 + h + 13. Let r = -45 + 47. Let w(t) = t - r - 3*t + t + 0*t. Let i be w(7). Calculate f(i).
4
Let r(y) = y - 7. Let l be 2 - -2 - (-16 + 17). Suppose 2*p = c - 1, -l*c + 3*p + 7 + 2 = 0. What is r(c)?
-2
Suppose -3*j + j - l = -27, 0 = -2*j + 2*l + 18. Let a(t) = -t. Let c(u) = u**3 - 11*u**2 - 14*u - 16. Let v(y) = 3*a(y) - c(y). Calculate v(j).
4
Let r(l) be the first derivative of l**4/4 + 8*l**3/3 + 5*l**2/2 - 6*l - 5. Let c be (7 + -12 + 1)*6/(-4). Suppose c = -7*h - 43. Determine r(h).
8
Let f(b) be the second derivative of 1/20*b**5 + 2 + 7*b + 2*b**2 + 0*b**3 + 1/3*b**4. Determine f(-3).
13
Suppose 4*o + 18 = 2*l, -3*l - 2*l = 5*o - 30. Let z(s) be the first derivative of -s**3/3 + 9*s**2/2 + 4*s - 2642. Calculate z(l).
18
Let s = 52707 - 52713. Suppose 3*o = -5*a - 21, 4*a + 2*o + 22 = -3*o. Let n(r) = -5*r - 1. Let u(h) = -h + 1. Let j(m) = a*u(m) + n(m). Calculate j(s).
8
Suppose 2*i + 0 = 4. Let r = -3064 - -3062. Let a be 0 + i*r/(-3)*3. Let c(z) = -z + 6. Determine c(a).
2
Let g be (4 + 2)/12 - (-15)/2. Let f(s) = 0*s - g + 2*s - 2*s - 2*s. Let j be f(-3). Let o(x) = -x**3 + x**2 + 2*x + 1. Give o(j).
9
Let b(k) be the second derivative of -3*k**5/20 - k**4/3 - k**3/2 + k**2 + k + 355. What is b(-2)?
16
Let x(n) = 37*n - 10. Let s(p) = 306*p - 81. Let l(d) = -4*s(d) + 33*x(d). Let z be ((-2 + -5)/7)/(3/(-21)). Calculate l(z).
-27
Suppose -4960 = 61*j - 575*j + 694. Let m(n) = n + 12. Let q(u) = 2*u + 13. Let f(z) = 4*m(z) - 3*q(z). Determine f(j).
-13
Let r = -3196 - -3225. Let a(s) = -s**3 + 29*s**2 - s + 16. Calculate a(r).
-13
Let p(t) = -t**2 + 14*t - 10. Let n(b) = 3. Let s(a) = 4*n(a) + p(a). Give s(13).
15
Suppose -23 = 3*q - 14. Let o(a) = a. Let s(n) = -9*n + 6. Let p(g) = o(g) - s(g). Let w(f) = 7*f - 4. Let i(c) = 5*p(c) - 7*w(c). Calculate i(q).
-5
Let t(z) = -z**2 - 7*z + 5. Let o be 1/(-12) - (-19437)/396. Suppose -o*q + 19 = 362. Determine t(q).
5
Let z(n) = n**2 - 20*n + 28. Let a be (-4)/(-9)*2106/52. Determine z(a).
-8
Let n(i) = -2*i + 10. Let v be n(-7). Suppose b = -4*h, -4*h + 2*b = -3*b + v. Let k be ((-8)/(-4) - 3)*(h - -1). Let m(q) = -q**3 + q. Give m(k).
0
Let g be 42 - (-2 + 40)/1. Let n(i) be the first derivative of -i**4/4 + 4*i**3/3 + i**2 - i + 1. Determine n(g).
7
Suppose 0 = 5*z + 19 - 194. Suppose 0*f = f - 5*m - 7, -5*f - 4*m + z = 0. Let x(r) = r**2 - 7*r - 6. What is x(f)?
-6
Let w(p) = 31029 + 31054 - 2*p - 62129. What is w(-14)?
-18
Let x(q) = q**2 - q - 20. Let m be ((-5)/15)/((-6)/126). Give x(m).
22
Suppose 2*i = 5*i - 18. Let g(u) = 37*u**2 - 4*u - 4. Let m(x) = -46*x**2 + 4*x + 6. Let p(t) = 10*g(t) + 8*m(t). Calculate p(i).
32
Let n(o) = -o**3 - 6*o**2 + 9*o - 4. Suppose 6*h - 87 = -27. Suppose 2*y = -3*g - 7, 2*y + 3*g = 4*y + 13. Let i be (-62)/h - (-4)/y. Calculate n(i).
-18
Let q be ((-5)/2)/(2 - 6/4). Let y(d) = 2*d**3 + d - 1. Let c(t) = 3*t**3 + t**2 + 2*t - 1. Let n(k) = q*y(k) + 4*c(k). Give n(-2).
-5
Let j be -8 + 2 + -1 + 0. Let b(x) = -173*x + x**2 + 63*x + 1 + 55*x + 65*x. What is b(j)?
-20
Suppose -555 = -2*y - 3*i, -14*i = y - 13*i - 276. Let h(x) = 267 + y + x - 534. What is h(5)?
11
Let q be 10*(-3)/18*36/(-20). Let y be (q/(-4))/(6/(-16)). Let x(b) = 2*b**3 + b**2 + 1. Give x(y).
21
Suppose -600*o = 3*i - 603*o + 39, 0 = 2*i - 5*o + 38. Let r(w) be the second derivative of -w**3/6 + 7*w**2/2 + w. Calculate r(i).
16
Let h = 13103/5 - 26201/10. Let n(l) be the first derivative of -4/3*l**3 + 3 - h*l**2 - 1/4*l**4 - 4*l. Determine n(-4).
0
Suppose 7*i - 30 = -9. Let h(c) = -c + 5*c - 74 + i*c + 71. Calculate h(3).
18
Let n(i) = -33*i**2 - 39*i + 2. Let h be n(-1). Let r(m) = -m**3 + 9*m**2 - 6*m + 12. Determine r(h).
28
Suppose -5*z = -2*z - 12. Let x(y) be the second derivative of 27*y + 0 + 1/6*y**3 - 3/2*y**2. Give x(z).
1
Let p(i) = 4 - 2*i + 2 - 4 - i**2. Let r(a) = -2*a**2 + 11*a + 22. Let c be r(7). Let w be 7*4/28 + c. Calculate p(w).
-6
Let q(b) be the first derivative of -132 - 1/2*b**2 + 11*b. Calculate q(5).
6
Let h(a) = 13*a - 3*a**2 + a - 1 - 15*a. Suppose 0 = -4*s - 20, -3*s - 9 = -x + 5. Give h(x).
-3
Let z(x) be the first derivative of x**2/2 + 6*x - 1. Let p(w) = -2*w - 5. Let l(k) = 9*k + 202. Let y be l(-23). Let n(d) = y*z(d) - 4*p(d). Determine n(7).
11
Let n(u) = 15*u**3 + 8*u**2 - u - 58. Let l(b) = -17*b**3 - 9*b**2 + b + 66. Let c(w) = -8*l(w) - 9*n(w). Suppose 0 = 3*v - 4*v. Give c(v).
-6
Suppose -5*k = -r + 23, -6*k - 55 = -5*r - k. Let x(g) = -3*g + 1. Determine x(r).
-23
Let h(s) = -s + 27. Let u be h(22). Let c(w) = 1692 + 4*w - 1688 - u*w. Determine c(-5).
9
Suppose 42*l = 51*l - 1269. Let h = l + -135. Let b(m) = -2*m + 6. Give b(h).
-6
Let r(g) = -2*g + 5. Let z(m) = m - 3. Let o(s) = -3*r(s) - 5*z(s). Let q(n) = -6*n + 17. Let d(h) = -4*o(h) - q(h). What